the hundreds digit of q?
1
Let q be (0 - 2)/((-5)/(1215/6)). Let d = q + -43. What is the units digit of d?
8
Suppose 24865 = -891*m + 894*m - 2*w, 16560 = 2*m + 2*w. What is the tens digit of m?
8
Suppose -1257 = -116*n + 113*n. Suppose 18*c - n = 3775. What is the tens digit of c?
3
Suppose -5*x - 4*w + 85 = 0, 2*w - 33 - 41 = -4*x. Let s = x - 17. Suppose u = 3*j - 119, -5 - 3 = s*u. What is the units digit of j?
9
Suppose -5*a = 4*a - 34663 + 499. What is the units digit of a?
6
Suppose -4*q - 7040 = -3*n - 48640, 0 = -q - n + 10407. What is the ten thousands digit of q?
1
Suppose 2*c - 16 + 0 = -2*r, -19 = 2*r - 5*c. Suppose 1533 = 5*l - 2*t - 1222, 5*l - 2755 = r*t. What is the tens digit of l?
5
Let g = -2940 + 7711. What is the units digit of g?
1
Let d be (2/(-4))/((-11)/374). Let f(o) = 5*o**2 - 4*o - 129. What is the tens digit of f(d)?
4
Let m = -88 + 88. Suppose 0 = -l - 5, 4*x + x - l - 2180 = m. What is the tens digit of x?
3
Suppose 0 = -a + 34 - 10. Suppose -5*j + 4*l = 10 - 53, 4*j - a = -2*l. Suppose -i - 4 - j = -y, -3*i + 65 = 4*y. What is the units digit of y?
4
Let l(x) = -x**3 + 8*x**2 - 11*x - 1. Let d be l(6). Suppose d*i = -2*c - 43 - 57, i + 4*c = -2. Let t(k) = 2*k + 49. What is the units digit of t(i)?
5
Let b be 1 + 0 - (4 + -3). Suppose 2*z = -a - 2, -1 = -a - z - b. What is the tens digit of (24/9 + -2)/(a/720)?
2
Let x = 5607 - 2313. What is the units digit of x?
4
Let p(k) = -7*k - 34 + 0*k + 277. What is the units digit of p(-20)?
3
Suppose 331*j - 309*j - 107316 = 0. What is the units digit of j?
8
Suppose -6 = 3*y - 21. Suppose -1009 = -2*c + y*u - 267, 0 = -4*u + 16. What is the tens digit of c?
8
Let m be (-51)/(-2) + 3/2. Suppose m*a - 8 = 25*a. Suppose a*t - t - 198 = 0. What is the units digit of t?
6
Suppose 0 = 3*v + 2*b + 7, -14*b = -5*v - 19*b - 5. What is the hundreds digit of 213 + -5 + 4 + v?
2
Let g be ((3 + 3)/2)/((-6)/(-8414)). Suppose 0 = -9*b + 2*b + g. What is the hundreds digit of b?
6
Let s(a) = 5*a**2 + 79*a + 62. What is the thousands digit of s(32)?
7
Let t = 3452 + 3064. What is the hundreds digit of t?
5
Let s(q) = 1349*q**2 - 405*q + 1218. What is the hundreds digit of s(3)?
1
Let w be 0 - 34/(-17)*2/1. Suppose -k + 3*l = -349, -2*k - w*l + 704 = -7*l. What is the hundreds digit of k?
3
Suppose 36 = 2*h + 34. What is the hundreds digit of ((-4695)/(-6))/(-5)*(h + -5)?
6
Suppose -4*z - 2 + 11 = 5*a, 2*a = -3*z - 2. Suppose -l + a = -48. Suppose -c = -s + 4*s - l, 4*s - 49 = 3*c. What is the units digit of s?
6
What is the thousands digit of ((-270623)/(-34) - 4)*2?
5
Let a(n) = 5*n**2 + 16*n + 3. Let t be a(-3). Suppose 0*m + 657 = m - h, -4*m + 3*h + 2627 = t. What is the tens digit of m?
5
Let q = 77 + 56. Let v(o) = -o**3 - 5*o**2 + 5*o + 2. Let s be v(-6). Suppose s*y - y = q. What is the units digit of y?
9
Let h(j) = 220*j - 8. Let f be h(3). Suppose 0 = -6*u + 2*u + f. Let s = -108 + u. What is the tens digit of s?
5
Let v = -85 + 90. Suppose -42*s = -41*s - v. What is the hundreds digit of ((-123)/s)/((-6)/30)?
1
Let a(j) = 9*j**2 + 4*j - 9. Let b be a(4). Let p = 276 - b. What is the units digit of p?
5
Suppose 18788 = 12*c - 8*c - 4*s, -4*s = 2*c - 9394. What is the tens digit of c?
9
Suppose -2*w + 5*u + 6 = 9*u, 2*w + 5*u - 6 = 0. Suppose -w*h = 2*a - 751, -h + 1 = -4. What is the hundreds digit of a?
3
Suppose -3*b + 7*b = -304. Suppose -10*m - 42 = -1142. Let n = b + m. What is the tens digit of n?
3
Let m(s) be the third derivative of s**6/120 + 7*s**5/30 + s**4/4 + 5*s**3/6 - 92*s**2. What is the units digit of m(-8)?
1
Let d(j) = 879*j**2 - 71*j - 146. What is the tens digit of d(-2)?
1
Suppose 0 = -31*v + 19276 - 1617 + 39877. What is the thousands digit of v?
1
Let w(z) = z + 1. Let b(f) = -143*f + 407. Let v(x) = -b(x) - 11*w(x). What is the tens digit of v(10)?
0
Let u be -1*((-8)/(-12))/(1/(-3)). Suppose 4*s + 4 = u*z - 2, 4*z = 2*s + 6. What is the units digit of 3 + -1 - (0 - (-95)/s)?
7
Let m be ((-680)/(-100))/(1/100). Suppose -s + m = -4*q, -12*q + 9*q = -2*s + 1340. What is the units digit of s?
4
Let o be 2 - (-72)/(-39) - 2000/(-13). Suppose -z = 4*z + 2*j - o, -4*z + 3*j + 114 = 0. Let q = z - -19. What is the tens digit of q?
4
Let x(b) = 3*b**2 + 2*b - 18. Let s be x(-4). Suppose 1488 = s*l - 16*l. What is the units digit of l?
8
Suppose r - 22 = -3*j, -4*r - 38 = -2*j - 0*r. Suppose -j*f - 536 = -4730. What is the units digit of f?
6
Suppose -280 = -2*j - x, 2*j + x - 3*x - 286 = 0. Suppose -160 = -2*f - 12. Let i = j - f. What is the tens digit of i?
6
Let i = 80611 - 55865. What is the thousands digit of i?
4
Suppose -29*d + 23*d = -153*d + 3077739. What is the thousands digit of d?
0
Let l(o) = -85*o**2 - 77*o - 150. Let c be l(-2). Suppose 0 = 2*s + 4*b - 5*b + 944, -s + 2*b = 478. Let q = c - s. What is the tens digit of q?
3
Let d(y) = y + 46. Let m be d(14). Let c be ((-228)/10)/((-3)/10). Let u = c - m. What is the tens digit of u?
1
Suppose -2*v = -1 + 5, -v + 6 = -2*h. Suppose -27*f + 36 = -9*f. What is the hundreds digit of 0/(4/f) - 880/h?
2
Suppose 0 = -84*s + 777488 + 1029888 + 78676. What is the tens digit of s?
5
Suppose -237*m + 67212 + 85430 = 15419. What is the units digit of m?
9
Suppose -u + 8 = 3. Let h be (50 - (u + -4)) + (1 - 4). Let y = h + 34. What is the tens digit of y?
8
Let w(u) = 3*u - 29*u + 1 - 3*u - 4*u. Let t be w(1). Let n = t + 141. What is the hundreds digit of n?
1
Let f(r) = 14*r**3 - 4*r**2 + 18*r - 7. Suppose 27 = 42*x - 33*x. What is the hundreds digit of f(x)?
3
Suppose 2*q + 8 = 0, 3*t + 2*q + 20 = -3*q. Suppose t = -5*m - 3*m + 24. What is the units digit of (-2 + m + -2)*-46?
6
Let i(j) = j**2 + 17*j + 30. Suppose -2*r = 12*r + 210. Let l be i(r). Suppose l = -11*f + 14*f - 693. What is the hundreds digit of f?
2
Let p(h) = 5*h**2 - 20*h - 77. Let v be p(-5). Let u = 58 + 3. Let t = v - u. What is the tens digit of t?
8
What is the units digit of -3*(-423)/(-243) + 4/18 - -13290?
5
Let c be (-1 - (4 - 7))/(2/(-203)). Let o = c - -204. What is the units digit of o?
1
Suppose 4*q = -d + 6412, 743*d - 740*d + 4*q = 19228. What is the thousands digit of d?
6
Let n = 708 - -279. What is the hundreds digit of n?
9
Suppose 0 = -4*j + j + 45. Suppose -2*p = -x - j, -x + 6*p - 21 = p. Let l = 50 - x. What is the units digit of l?
1
Let k = -6812 + 7780. What is the hundreds digit of k?
9
Let y be (1/3*-4)/(56/(-84)). Suppose 4*x + 3*a = 2124, -6*x - y*a + 2520 + 656 = 0. What is the hundreds digit of x?
5
Suppose 0 = -3*d - 5*o - 497, 4*d + 711 = -0*o + 3*o. Let v = d + -99. Let a = -189 - v. What is the tens digit of a?
8
Suppose -2*f - q + 14457 = -29786, -f = -3*q - 22097. What is the thousands digit of f?
2
Suppose -110 = -137*m + 127*m. Suppose 0 = f - m*f + 4050. What is the units digit of f?
5
Let r(i) = i**3 - 18*i**2 + i - 18. Let g be r(18). Suppose -5*v + 3*o - 495 = g, 2*o + 0*o + 495 = -5*v. Let z = v + 177. What is the units digit of z?
8
Suppose 15248 = i + 2*k - 8245, -3*k = -5*i + 117478. What is the units digit of i?
5
Suppose -21*n - 31*n + 3*n + 544929 = 0. What is the hundreds digit of n?
1
Suppose 5*n = n, l = -n - 77. Let h(r) = -2*r**3 - 4*r**2 + 8*r + 4. Let t be h(-3). What is the tens digit of (-4565)/l + t/7?
5
Let g(b) = 26*b**2 - 4*b - 1. Let y be g(6). Let t = y - 469. What is the tens digit of t?
4
Let u(z) = -191*z - 26. Suppose -31 = 9*m + 5. What is the hundreds digit of u(m)?
7
Suppose 14*i + i - 4*i = 0. Suppose i = 2*z - 363 - 365. What is the units digit of z?
4
Let m = 196 - 296. Let v = m + 258. What is the units digit of v?
8
Let w(m) = -2*m - 5. Let l be w(-9). Suppose 204 = -10*k + l*k. What is the tens digit of k?
6
Let c = 65 - 61. Suppose i - c = 32. What is the units digit of (-14)/(-12) + -1 + 8130/i?
6
Suppose 0 = -7*b + 8*b - 4353. Let w be 2/(-7) + b/21. What is the units digit of (3/(-9))/((-3)/w)?
3
Let i(l) = 53*l**3 + 9*l**2 - 6*l + 2. Let j be i(4). Suppose -14*b + j + 4312 = 0. What is the tens digit of b?
5
Let l = -589 + 535. Let i be 2/(-1 - 258/(-254)). Let z = i + l. What is the units digit of z?
3
Let k = 1615 + 1501. What is the thousands digit of k?
3
Let c = -199 - -109. Let p be 127/1 - (0 + -1). Let q = c + p. What is the tens digit of q